{"id":7,"date":"2023-05-05T22:07:21","date_gmt":"2023-05-05T22:07:21","guid":{"rendered":"https:\/\/www.terazzi.fi\/?page_id=7"},"modified":"2025-06-08T18:09:43","modified_gmt":"2025-06-08T18:09:43","slug":"home","status":"publish","type":"page","link":"https:\/\/www.terazzi.fi\/","title":{"rendered":"Home"},"content":{"rendered":"<p><img loading=\"lazy\" decoding=\"async\" width=\"1740\" height=\"1230\" src=\"https:\/\/www.terazzi.fi\/wp-content\/uploads\/2023\/05\/Terazzi-logo-musta.png\" alt=\"\" srcset=\"https:\/\/www.terazzi.fi\/wp-content\/uploads\/2023\/05\/Terazzi-logo-musta.png 1740w, https:\/\/www.terazzi.fi\/wp-content\/uploads\/2023\/05\/Terazzi-logo-musta-300x212.png 300w, https:\/\/www.terazzi.fi\/wp-content\/uploads\/2023\/05\/Terazzi-logo-musta-1024x724.png 1024w, https:\/\/www.terazzi.fi\/wp-content\/uploads\/2023\/05\/Terazzi-logo-musta-768x543.png 768w, https:\/\/www.terazzi.fi\/wp-content\/uploads\/2023\/05\/Terazzi-logo-musta-1536x1086.png 1536w\" sizes=\"(max-width: 1740px) 100vw, 1740px\" \/>\t\t\t\t\t\t\t\t\t\t\t\t\t\t\t<\/p>\n<p><a href=\"#Tikkurila\">TIKKURILA<\/a><\/p>\n<h6 style=\"text-align: center;\">Terazzin kes\u00e4kausi 2025 k\u00e4y kuumana! Tule kuuntelemaan artisteja ja nauttimaan urheilusta j\u00e4ttiscreenilt\u00e4.<\/h6>\n<h6 style=\"text-align: center;\">Tarkemman ohjelman ja ajankohdat somekanavistamme:<\/h6>\n<h6 style=\"text-align: center;\"><a href=\"https:\/\/www.facebook.com\/terazzitikkurila\">Facebook:\u00a0terazzitikkurila<\/a><\/h6>\n<h6 style=\"text-align: center;\">Instagram: @terazzi.tikkurila<\/h6>\n<p>\t\t\t\t\t\t\t\t\t\t\t\t\t\t\t<img loading=\"lazy\" decoding=\"async\" width=\"768\" height=\"1344\" src=\"https:\/\/www.terazzi.fi\/wp-content\/uploads\/2025\/06\/tearazzi_aw-768x1344.jpeg\" alt=\"\" srcset=\"https:\/\/www.terazzi.fi\/wp-content\/uploads\/2025\/06\/tearazzi_aw-768x1344.jpeg 768w, https:\/\/www.terazzi.fi\/wp-content\/uploads\/2025\/06\/tearazzi_aw-171x300.jpeg 171w, https:\/\/www.terazzi.fi\/wp-content\/uploads\/2025\/06\/tearazzi_aw-585x1024.jpeg 585w, https:\/\/www.terazzi.fi\/wp-content\/uploads\/2025\/06\/tearazzi_aw-878x1536.jpeg 878w, https:\/\/www.terazzi.fi\/wp-content\/uploads\/2025\/06\/tearazzi_aw-1170x2048.jpeg 1170w, https:\/\/www.terazzi.fi\/wp-content\/uploads\/2025\/06\/tearazzi_aw-scaled.jpeg 1463w\" sizes=\"(max-width: 768px) 100vw, 768px\" \/>\t\t\t\t\t\t\t\t\t\t\t\t\t\t\t<\/p>\n<figure><img decoding=\"async\" src=\"https:\/\/www.terazzi.fi\/wp-content\/uploads\/2024\/04\/26-DSC_1908-150x150.jpg\" alt=\"26-DSC_1908\" \/><\/figure>\n<figure><img decoding=\"async\" src=\"https:\/\/www.terazzi.fi\/wp-content\/uploads\/2023\/07\/x.o-150x150.jpg\" alt=\"Ronin x.o pizza\" \/><\/figure>\n<figure><img decoding=\"async\" src=\"https:\/\/www.terazzi.fi\/wp-content\/uploads\/2023\/07\/vege-burger-150x150.jpg\" alt=\"Ronin vege burger\" \/><\/figure>\n<figure><img decoding=\"async\" src=\"https:\/\/www.terazzi.fi\/wp-content\/uploads\/2023\/07\/squid-150x150.jpg\" alt=\"Ronin squid\" \/><\/figure>\n<figure><img decoding=\"async\" src=\"https:\/\/www.terazzi.fi\/wp-content\/uploads\/2023\/07\/Drinkki-1-150x150.jpg\" alt=\"G and T by the beach\" \/><\/figure>\n<figure><img decoding=\"async\" src=\"https:\/\/www.terazzi.fi\/wp-content\/uploads\/2023\/06\/Ilmakuva-e1687237157572-150x150.png\" alt=\"Ilmakuva\" \/><\/figure>\n<figure><img decoding=\"async\" src=\"https:\/\/www.terazzi.fi\/wp-content\/uploads\/2023\/06\/Koira-e1688551547740-150x150.png\" alt=\"Koira\" \/><\/figure>\n<figure><img decoding=\"async\" src=\"https:\/\/www.terazzi.fi\/wp-content\/uploads\/2023\/06\/Aperol-e1688551263443-150x150.png\" alt=\"Delicious Aperol\" \/><\/figure>\n<figure><img decoding=\"async\" src=\"https:\/\/www.terazzi.fi\/wp-content\/uploads\/2023\/05\/Cheers-3-150x150.jpeg\" alt=\"Cheers\" \/><\/figure>\n<figure><img decoding=\"async\" src=\"https:\/\/www.terazzi.fi\/wp-content\/uploads\/2023\/05\/Cheers-2-150x150.jpeg\" alt=\"Cheers 2\" \/><\/figure>\n<figure><img decoding=\"async\" src=\"https:\/\/www.terazzi.fi\/wp-content\/uploads\/2023\/05\/Screen-2-150x150.jpeg\" alt=\"Screen 2\" \/><\/figure>\n<figure><img decoding=\"async\" src=\"https:\/\/www.terazzi.fi\/wp-content\/uploads\/2023\/05\/22-DSC_1904-150x150.jpg\" alt=\"Ladies enjoying\" \/><\/figure>\n<figure><img decoding=\"async\" src=\"https:\/\/www.terazzi.fi\/wp-content\/uploads\/2023\/05\/2-DSC_1864-150x150.jpg\" alt=\"Bilist\u00e4 Tikkurilassa\" \/><\/figure>\n<figure><img decoding=\"async\" src=\"https:\/\/www.terazzi.fi\/wp-content\/uploads\/2023\/05\/Crowd-150x150.jpeg\" alt=\"Crowd\" \/><\/figure>\n<figure><img decoding=\"async\" src=\"https:\/\/www.terazzi.fi\/wp-content\/uploads\/2023\/05\/Screen-150x150.jpeg\" alt=\"Screen\" \/><\/figure>\n<figure><img decoding=\"async\" src=\"https:\/\/www.terazzi.fi\/wp-content\/uploads\/2023\/05\/product-03-free-img-150x150.png\" alt=\"product-03-free-img.png\" \/><\/figure>\n<figure><img decoding=\"async\" src=\"https:\/\/www.terazzi.fi\/wp-content\/uploads\/2023\/07\/ribs-150x150.jpg\" alt=\"Ronin ribs\" \/><\/figure>\n<figure><img decoding=\"async\" src=\"https:\/\/www.terazzi.fi\/wp-content\/uploads\/2023\/07\/chicken-burger-150x150.jpg\" alt=\"Ronin chicken burger\" \/><\/figure>\n<figure><img decoding=\"async\" src=\"https:\/\/www.terazzi.fi\/wp-content\/uploads\/2024\/05\/Terazzin-kesakukat-150x150.jpg\" alt=\"Terazzin kes\u00e4kukat\" \/><\/figure>\n<figure><img decoding=\"async\" src=\"https:\/\/www.terazzi.fi\/wp-content\/uploads\/2024\/05\/Suomi-Kanada-18052024-150x150.png\" alt=\"Suomi-Kanada 18052024\" \/><\/figure>\n<figure><img decoding=\"async\" src=\"https:\/\/www.terazzi.fi\/wp-content\/uploads\/2024\/05\/Valmiina-avajaisiin-1-150x150.jpg\" alt=\"Valmiina avajaisiin\" \/><\/figure>\n<figure><img decoding=\"async\" src=\"https:\/\/www.terazzi.fi\/wp-content\/uploads\/2024\/05\/Ronin-Calamansi-cocktail-150x150.jpg\" alt=\"Ronin Calamansi cocktail\" \/><\/figure>\n<figure><img decoding=\"async\" src=\"https:\/\/www.terazzi.fi\/wp-content\/uploads\/2024\/05\/Ronin-snacks-ready-to-go-150x150.jpg\" alt=\"Ronin snacks ready-to-go\" \/><\/figure>\n<figure><img decoding=\"async\" src=\"https:\/\/www.terazzi.fi\/wp-content\/uploads\/2024\/05\/Ronin-Suomi-Itavalta-16052024-150x150.jpg\" alt=\"Ronin Suomi-It\u00e4valta 16052024\" \/><\/figure>\n<p>\t\t\t\t\t\t<svg aria-hidden=\"true\" viewBox=\"0 0 1000 1000\" xmlns=\"http:\/\/www.w3.org\/2000\/svg\"><path d=\"M646 125C629 125 613 133 604 142L308 442C296 454 292 471 292 487 292 504 296 521 308 533L604 854C617 867 629 875 646 875 663 875 679 871 692 858 704 846 713 829 713 812 713 796 708 779 692 767L438 487 692 225C700 217 708 204 708 187 708 171 704 154 692 142 675 129 663 125 646 125Z\"><\/path><\/svg><br \/>\n\t\t\t\t\t\t<svg aria-hidden=\"true\" viewBox=\"0 0 1000 1000\" xmlns=\"http:\/\/www.w3.org\/2000\/svg\"><path d=\"M696 533C708 521 713 504 713 487 713 471 708 454 696 446L400 146C388 133 375 125 354 125 338 125 325 129 313 142 300 154 292 171 292 187 292 204 296 221 308 233L563 492 304 771C292 783 288 800 288 817 288 833 296 850 308 863 321 871 338 875 354 875 371 875 388 867 400 854L696 533Z\"><\/path><\/svg>\t\t\t\t\t<\/p>\n<h2>TIKKURILA<\/h2>\n<p>\t\t\t<iframe loading=\"lazy\"\n\t\t\t\t\tsrc=\"https:\/\/maps.google.com\/maps?q=Kielotie%2013%2C%2001300%20Vantaa&#038;t=m&#038;z=10&#038;output=embed&#038;iwloc=near\"\n\t\t\t\t\ttitle=\"Kielotie 13, 01300 Vantaa\"\n\t\t\t\t\taria-label=\"Kielotie 13, 01300 Vantaa\"\n\t\t\t><\/iframe><\/p>\n<ul>\n<li>\n\t\t\t\t\t\t\t<svg aria-hidden=\"true\" viewBox=\"0 0 384 512\" xmlns=\"http:\/\/www.w3.org\/2000\/svg\"><path d=\"M172.268 501.67C26.97 291.031 0 269.413 0 192 0 85.961 85.961 0 192 0s192 85.961 192 192c0 77.413-26.97 99.031-172.268 309.67-9.535 13.774-29.93 13.773-39.464 0zM192 272c44.183 0 80-35.817 80-80s-35.817-80-80-80-80 35.817-80 80 35.817 80 80 80z\"><\/path><\/svg><br \/>\n\t\t\t\t\t\t\t\t\t\tKielotie 13, 01300 Vantaa\n\t\t\t\t\t\t\t\t\t<\/li>\n<li>\n\t\t\t\t\t\t\t<svg aria-hidden=\"true\" viewBox=\"0 0 512 512\" xmlns=\"http:\/\/www.w3.org\/2000\/svg\"><path d=\"M256 8C119 8 8 119 8 256s111 248 248 248 248-111 248-248S393 8 256 8zm0 448c-110.5 0-200-89.5-200-200S145.5 56 256 56s200 89.5 200 200-89.5 200-200 200zm61.8-104.4l-84.9-61.7c-3.1-2.3-4.9-5.9-4.9-9.7V116c0-6.6 5.4-12 12-12h32c6.6 0 12 5.4 12 12v141.7l66.8 48.6c5.4 3.9 6.5 11.4 2.6 16.8L334.6 349c-3.9 5.3-11.4 6.5-16.8 2.6z\"><\/path><\/svg><br \/>\n\t\t\t\t\t\t\t\t\t\tJoka p\u00e4iv\u00e4 14:00-23:00 (24:00)\n\t\t\t\t\t\t\t\t\t<\/li>\n<\/ul>\n<ul>\n<li>\n\t\t\t\t\t\t\t<svg aria-hidden=\"true\" viewBox=\"0 0 512 512\" xmlns=\"http:\/\/www.w3.org\/2000\/svg\"><path d=\"M464 64H48C21.49 64 0 85.49 0 112v288c0 26.51 21.49 48 48 48h416c26.51 0 48-21.49 48-48V112c0-26.51-21.49-48-48-48zm0 48v40.805c-22.422 18.259-58.168 46.651-134.587 106.49-16.841 13.247-50.201 45.072-73.413 44.701-23.208.375-56.579-31.459-73.413-44.701C106.18 199.465 70.425 171.067 48 152.805V112h416zM48 400V214.398c22.914 18.251 55.409 43.862 104.938 82.646 21.857 17.205 60.134 55.186 103.062 54.955 42.717.231 80.509-37.199 103.053-54.947 49.528-38.783 82.032-64.401 104.947-82.653V400H48z\"><\/path><\/svg><br \/>\n\t\t\t\t\t\t\t\t\t\tEmail: info@terazzi.fi\n\t\t\t\t\t\t\t\t\t<\/li>\n<\/ul>\n<p>\t\t\t\t\t\t\t\t\t\t\t\t\t\t\t<img loading=\"lazy\" decoding=\"async\" width=\"1165\" height=\"696\" src=\"https:\/\/www.terazzi.fi\/wp-content\/uploads\/2023\/05\/Terazzi-logo-negatiivi-e1682516704479.png\" alt=\"\" srcset=\"https:\/\/www.terazzi.fi\/wp-content\/uploads\/2023\/05\/Terazzi-logo-negatiivi-e1682516704479.png 1165w, https:\/\/www.terazzi.fi\/wp-content\/uploads\/2023\/05\/Terazzi-logo-negatiivi-e1682516704479-300x179.png 300w, https:\/\/www.terazzi.fi\/wp-content\/uploads\/2023\/05\/Terazzi-logo-negatiivi-e1682516704479-1024x612.png 1024w, https:\/\/www.terazzi.fi\/wp-content\/uploads\/2023\/05\/Terazzi-logo-negatiivi-e1682516704479-768x459.png 768w\" sizes=\"(max-width: 1165px) 100vw, 1165px\" \/><br \/>\n\t\t\t\t\t<a href=\"https:\/\/www.facebook.com\/terazzitikkurila\/\" target=\"_blank\" rel=\"noopener\"><br \/>\n\t\t\t\t\t\tFacebook<br \/>\n\t\t\t\t\t\t<svg viewBox=\"0 0 512 512\" xmlns=\"http:\/\/www.w3.org\/2000\/svg\"><path d=\"M504 256C504 119 393 8 256 8S8 119 8 256c0 123.78 90.69 226.38 209.25 245V327.69h-63V256h63v-54.64c0-62.15 37-96.48 93.67-96.48 27.14 0 55.52 4.84 55.52 4.84v61h-31.28c-30.8 0-40.41 19.12-40.41 38.73V256h68.78l-11 71.69h-57.78V501C413.31 482.38 504 379.78 504 256z\"><\/path><\/svg>\t\t\t\t\t<\/a><br \/>\n\t\t\t\t\t<a href=\"https:\/\/www.instagram.com\/terazzi_\" target=\"_blank\" rel=\"noopener\"><br \/>\n\t\t\t\t\t\tInstagram<br \/>\n\t\t\t\t\t\t<svg viewBox=\"0 0 448 512\" xmlns=\"http:\/\/www.w3.org\/2000\/svg\"><path d=\"M224.1 141c-63.6 0-114.9 51.3-114.9 114.9s51.3 114.9 114.9 114.9S339 319.5 339 255.9 287.7 141 224.1 141zm0 189.6c-41.1 0-74.7-33.5-74.7-74.7s33.5-74.7 74.7-74.7 74.7 33.5 74.7 74.7-33.6 74.7-74.7 74.7zm146.4-194.3c0 14.9-12 26.8-26.8 26.8-14.9 0-26.8-12-26.8-26.8s12-26.8 26.8-26.8 26.8 12 26.8 26.8zm76.1 27.2c-1.7-35.9-9.9-67.7-36.2-93.9-26.2-26.2-58-34.4-93.9-36.2-37-2.1-147.9-2.1-184.9 0-35.8 1.7-67.6 9.9-93.9 36.1s-34.4 58-36.2 93.9c-2.1 37-2.1 147.9 0 184.9 1.7 35.9 9.9 67.7 36.2 93.9s58 34.4 93.9 36.2c37 2.1 147.9 2.1 184.9 0 35.9-1.7 67.7-9.9 93.9-36.2 26.2-26.2 34.4-58 36.2-93.9 2.1-37 2.1-147.8 0-184.8zM398.8 388c-7.8 19.6-22.9 34.7-42.6 42.6-29.5 11.7-99.5 9-132.1 9s-102.7 2.6-132.1-9c-19.6-7.8-34.7-22.9-42.6-42.6-11.7-29.5-9-99.5-9-132.1s-2.6-102.7 9-132.1c7.8-19.6 22.9-34.7 42.6-42.6 29.5-11.7 99.5-9 132.1-9s102.7-2.6 132.1 9c19.6 7.8 34.7 22.9 42.6 42.6 11.7 29.5 9 99.5 9 132.1s2.7 102.7-9 132.1z\"><\/path><\/svg>\t\t\t\t\t<\/a><\/p>\n<p>All Rights Reserved | 2024 &#8211; Terazzi\u00a0<\/p>\n","protected":false},"excerpt":{"rendered":"<p>TIKKURILA Terazzin kes\u00e4kausi 2025 k\u00e4y kuumana! Tule kuuntelemaan artisteja ja nauttimaan urheilusta j\u00e4ttiscreenilt\u00e4. Tarkemman ohjelman ja ajankohdat somekanavistamme: Facebook:\u00a0terazzitikkurila Instagram: @terazzi.tikkurila TIKKURILA Kielotie 13, 01300 Vantaa Joka p\u00e4iv\u00e4 14:00-23:00 (24:00) Email: info@terazzi.fi Facebook Instagram All Rights Reserved | 2024 &#8211; Terazzi\u00a0<\/p>\n","protected":false},"author":2,"featured_media":0,"parent":0,"menu_order":0,"comment_status":"closed","ping_status":"closed","template":"elementor_canvas","meta":{"footnotes":""},"_links":{"self":[{"href":"https:\/\/www.terazzi.fi\/index.php\/wp-json\/wp\/v2\/pages\/7"}],"collection":[{"href":"https:\/\/www.terazzi.fi\/index.php\/wp-json\/wp\/v2\/pages"}],"about":[{"href":"https:\/\/www.terazzi.fi\/index.php\/wp-json\/wp\/v2\/types\/page"}],"author":[{"embeddable":true,"href":"https:\/\/www.terazzi.fi\/index.php\/wp-json\/wp\/v2\/users\/2"}],"replies":[{"embeddable":true,"href":"https:\/\/www.terazzi.fi\/index.php\/wp-json\/wp\/v2\/comments?post=7"}],"version-history":[{"count":719,"href":"https:\/\/www.terazzi.fi\/index.php\/wp-json\/wp\/v2\/pages\/7\/revisions"}],"predecessor-version":[{"id":1092,"href":"https:\/\/www.terazzi.fi\/index.php\/wp-json\/wp\/v2\/pages\/7\/revisions\/1092"}],"wp:attachment":[{"href":"https:\/\/www.terazzi.fi\/index.php\/wp-json\/wp\/v2\/media?parent=7"}],"curies":[{"name":"wp","href":"https:\/\/api.w.org\/{rel}","templated":true}]}}